6)). Suppose h*k - 62 = 78. Calculate the greatest common factor of 42 and k.
14
Let n(c) = c**2 - 5*c + 1. Let m(o) = -o. Let g(i) = -6*m(i) + n(i). Let h be g(-3). Calculate the highest common divisor of 7 and h.
7
Let o be 2/10 - (-4)/(-20). Suppose o = -3*z + 102 + 60. Suppose 2*v = -1 + 13. What is the greatest common factor of v and z?
6
Let d = -400 - -528. Suppose 4*v + 3*o = 76, -4*v + 4*o = 8 - 56. Calculate the greatest common factor of v and d.
16
Suppose 0*j = -2*j. Let f be (-2 + j)*(-42)/12. Let z be (-62 + -1)*(-1 - 0). What is the highest common divisor of f and z?
7
Suppose 51*m - 48*m = 189. What is the highest common divisor of 42 and m?
21
Let o(u) = u - 12. Let p be o(11). Let q = p + 28. Calculate the greatest common factor of 3 and q.
3
Suppose -5*b + p - 10 = 0, 3*b + 6 = -4*p - p. Let t be b/4 - (-45)/10. Suppose -49 = -t*i + 15. What is the greatest common factor of i and 24?
8
Let y = 7 - 2. Let f be 8*2/2 + -2. Let i be 10*(-2 + 45/f). What is the greatest common factor of i and y?
5
Let n(l) be the second derivative of -l**5/20 + l**4/3 - l**3/3 - l**2 + 2*l. Let f be n(3). Suppose 2*s = 9 - f. What is the greatest common factor of 2 and s?
2
Let r(f) = -f**3 - 9*f**2 - 9*f - 6. Let q be r(-8). Suppose 2*d + 3*h = 52 + 139, -q*d - 5*h + 201 = 0. Calculate the greatest common factor of d and 11.
11
Suppose 112 = 5*y + 2*u - 50, 5*y - 159 = u. Let z be 56/(-6)*(-72)/14. Calculate the greatest common factor of y and z.
16
Let x be (-26 + -2)*(-60)/14. Suppose -5*r + 125 = -x. Calculate the greatest common divisor of 7 and r.
7
Let r(l) = 2*l + 1. Let a be r(1). Suppose -a*o + 12 = 3. Suppose 0*v - o*z + 26 = v, -v + 4*z + 47 = 0. Calculate the greatest common factor of v and 7.
7
Suppose 0 = -0*j + j - 3*c - 5, -4*c = 4. Suppose 2*s - 7 - 21 = 0. What is the greatest common factor of j and s?
2
Let h be ((-366)/5)/(6/(-15)). Suppose -2*j + h = 33. Suppose -3*b = 2*b - 150. Calculate the highest common factor of b and j.
15
Let p(d) = -d**3 + 10*d**2 + 14*d + 15. Let m be p(11). What is the highest common divisor of 6 and m?
6
Let p be (2/(-6))/((-8)/144). Calculate the highest common divisor of 4 and p.
2
Let f(a) be the first derivative of a**4/2 - 7*a**3/3 + 4*a**2 - 5*a + 3. Let p be f(5). Calculate the greatest common divisor of 10 and p.
10
Let q(p) = -4*p - 2. Let x(n) = -3*n - 2. Let t(s) = 4*q(s) - 6*x(s). Let d be t(-6). Let y = d + 19. Calculate the greatest common factor of 77 and y.
11
Suppose -2*c + 19 = -29. Calculate the greatest common factor of 72 and c.
24
Let l be -3*7/((-84)/8). Suppose -l*x - x + 3*a + 27 = 0, 5*x = -3*a + 85. What is the greatest common factor of x and 2?
2
Let k be (-40)/(-7) + (-4)/(-14). What is the greatest common divisor of k and 6?
6
Let i be 120/(-14)*(-2 + -5). Calculate the greatest common divisor of 24 and i.
12
Let f = 4 - 1. Let y(k) = -2*k - 3 - k + 13*k - 5*k. Let l be y(f). Calculate the highest common divisor of l and 60.
12
Let z = -169 - -289. What is the greatest common factor of z and 24?
24
Suppose -3*h - 1 = 2*w + 6, 3*w - 15 = 4*h. Let p(c) = -2*c - 2. Let o be p(h). Suppose -o*r = -7 - 1. Calculate the highest common divisor of 2 and r.
2
Suppose -2*h - 2*h = 36. Let a = 79 + h. Calculate the greatest common divisor of 28 and a.
14
Let m be 1848/(-36)*18/(-4). Let z be 458/14 - 2/(-7). What is the greatest common divisor of z and m?
33
Let j be -6*(-2 - (-9)/(-6)). What is the greatest common divisor of j and 14?
7
Let h(o) = -2*o + 7. Let c be h(-6). What is the greatest common divisor of c and 209?
19
Suppose -1 = -7*h + 55. What is the greatest common factor of h and 16?
8
Let i be (4/3)/((-2)/(-3)). Let c = 38 + -16. What is the highest common divisor of i and c?
2
Let c(f) = 2*f**2 - f**3 - 1 - 8*f**2 + 4. Let u be c(-6). Let p be ((-14)/(-3))/(2/u). Calculate the highest common factor of p and 28.
7
Suppose -12 = -4*s + 2*s. Let q be (28/(-35) + 2)*(-5)/(-2). What is the highest common factor of s and q?
3
Let u(i) = 2*i + 4. Let g be u(-2). Suppose -3*f - 52 + 562 = g. Calculate the greatest common divisor of f and 17.
17
Let m = 78 + 48. Suppose i + i - m = 0. Calculate the highest common factor of i and 7.
7
Let d be (-2)/8 + 26/8. Suppose 0*p - 82 = 2*p. Let l = p - -68. What is the greatest common divisor of d and l?
3
Let n = 4 - -1. Let f = -10 + 25. Calculate the highest common factor of f and n.
5
Let c be ((-228 + 3)/3)/(2 - 3). What is the greatest common divisor of 15 and c?
15
Suppose -3*a - 2*a - 5*f = -25, -5*f = -5*a - 15. Let v be 2/4 - (-12)/8. Let l = a + v. Calculate the highest common factor of l and 15.
3
Suppose 80 - 227 = -5*o - 4*w, o + 3*w - 25 = 0. Suppose -5*n - 1 + o = 0. Calculate the greatest common factor of 12 and n.
6
Let j be (-5 + 2)/(-3)*1. Let q be (j/(-3))/(3/(-54)). Calculate the highest common divisor of 18 and q.
6
Let p(f) = -f**3 + 15*f**2 + f - 15. Let z be p(13). What is the greatest common divisor of z and 48?
48
Let s(n) = -n**2 + 11*n + 1. Let q be s(11). Let d be (8 + 0)/q + -3. Suppose 0 = 2*w + 2*w - 80. Calculate the greatest common factor of d and w.
5
Let x(p) = -p**3 - 3*p**2 + p - 4. Let f be x(-4). Calculate the highest common factor of f and 64.
8
Let y be (-4)/2 + 2 - -16. Let k(w) = 4*w**2 + 6*w + 4. Let u be k(-6). What is the highest common divisor of u and y?
16
Suppose 4*z - 9 = 71. Suppose -z = -i - 3*i. Calculate the highest common factor of 20 and i.
5
Let m(v) = -v**3 + 5*v**2 + 3*v + 7. Suppose -4*b + 5*p + 35 = 0, -p + 5*p + 7 = -b. Let x be m(b). What is the greatest common factor of x and 33?
11
Let a be ((-4)/(-6))/((7/75)/7). What is the highest common divisor of 20 and a?
10
Let x be 18*(5 + (-14)/3). Let j(n) = n - 1. Let h be j(5). Let z(r) = r**3 - 4*r**2 + 6*r. Let w be z(h). What is the highest common factor of w and x?
6
Suppose 53*t - 22*t = 248. Let i = 7 - 1. Let o(v) = -v**3 + 9*v**2 - 6*v. Let p be o(i). Calculate the greatest common factor of t and p.
8
Let q(o) be the second derivative of o**4/12 - 2*o**3/3 + 5*o**2/2 + o. Let b be q(5). What is the highest common divisor of b and 30?
10
Suppose s = 2*s - 2. Let o = 5 - s. Suppose 4*p - 99 = o*p. Calculate the greatest common factor of 11 and p.
11
Let r be (78 - 1)*(5 + 0). Let y = r - 268. What is the greatest common factor of y and 13?
13
Suppose -5*n = -n + 5*a - 19, 0 = -5*n - 3*a + 40. Suppose 0 = -2*f + j + 240, 5*j - j + 476 = 4*f. Calculate the highest common factor of n and f.
11
Let d(o) = -100*o - 4. Let q be d(-3). Suppose -6 + 0 = 3*h, -q = -3*t + 4*h. What is the highest common divisor of t and 12?
12
Suppose -7*w + 2*w + 5 = 0. Suppose 0 = -b - 4*b + 15. What is the greatest common factor of b and w?
1
Let j be (2/5)/((-7)/(-35)). Suppose -k = o - 11, 6*k - j*k = -3*o + 48. What is the greatest common factor of k and 3?
3
Let x be (-22)/(-4) - (-5)/10. Let j be (-3 - -4) + (1 - -16). Calculate the greatest common divisor of j and x.
6
Let m(k) = -16*k + 18. Let f(r) = r - 1. Let l(a) = 36*f(a) + 2*m(a). Let s be l(2). Let i = 57 + -1. Calculate the greatest common divisor of i and s.
8
Let a be (0 + -2)/(2/(-20)). Calculate the highest common factor of a and 4.
4
Let k(v) = -11*v**2 - 6 - 4 + 17*v - 3*v + 10*v**2. Suppose i + 3*i = 36. Let q be k(i). Calculate the highest common divisor of q and 5.
5
Suppose -4*y - 4*v = 80, -v = 4*y + 2*v + 76. Let z = y + 33. Calculate the greatest common factor of z and 34.
17
Suppose 176 = -2*d + 6*d. Let i be 194/22 - (-8)/d. What is the greatest common divisor of i and 9?
9
Let f(v) = v**2 - 9*v - 10. Let o be f(-6). What is the greatest common factor of o and 32?
16
Let j = 81 - 3. What is the greatest common divisor of j and 195?
39
Let g be (-37)/(-3) - (4 + (-11)/3). What is the highest common divisor of g and 108?
12
Suppose 6*r - 531 - 591 = 0. What is the greatest common divisor of 17 and r?
17
Suppose -32 = 2*p - 98. Suppose -p = -4*s + 15. Suppose 6*a - a = 660. Calculate the highest common divisor of a and s.
12
Let i = 29 + -19. Calculate the greatest common factor of 2 and i.
2
Let t be (1/(7/54))/((-10)/(-70)). Calculate the greatest common factor of t and 3.
3
Let o be -34 - -35 - 6/(2*-1). What is the highest common factor of 3 and o?
1
